{"id":688,"date":"2025-02-02T18:38:56","date_gmt":"2025-02-02T18:38:56","guid":{"rendered":"https:\/\/autogeradora.w3com.net\/?page_id=688"},"modified":"2025-10-22T21:01:44","modified_gmt":"2025-10-22T21:01:44","slug":"produtos","status":"publish","type":"page","link":"https:\/\/kordesign.com.br\/clientes\/autogeradora\/produtos\/","title":{"rendered":"Produtos"},"content":{"rendered":"\t\t<div data-elementor-type=\"wp-page\" data-elementor-id=\"688\" class=\"elementor elementor-688\" data-elementor-settings=\"{&quot;ha_cmc_init_switcher&quot;:&quot;no&quot;}\" data-elementor-post-type=\"page\">\n\t\t\t\t<div class=\"elementor-element elementor-element-59ae928 e-flex e-con-boxed e-con e-parent\" data-id=\"59ae928\" data-element_type=\"container\" data-settings=\"{&quot;background_background&quot;:&quot;classic&quot;,&quot;jet_parallax_layout_list&quot;:[],&quot;_ha_eqh_enable&quot;:false}\">\n\t\t\t\t\t<div class=\"e-con-inner\">\n\t\t<div class=\"elementor-element elementor-element-688fd19 e-con-full e-flex e-con e-child\" data-id=\"688fd19\" data-element_type=\"container\" data-settings=\"{&quot;jet_parallax_layout_list&quot;:[],&quot;_ha_eqh_enable&quot;:false}\">\n\t\t\t\t<div class=\"elementor-element elementor-element-880b457 elementor-widget elementor-widget-heading\" data-id=\"880b457\" data-element_type=\"widget\" data-widget_type=\"heading.default\">\n\t\t\t\t<div class=\"elementor-widget-container\">\n\t\t\t<h2 class=\"elementor-heading-title elementor-size-default\">Produtos<\/h2>\t\t<\/div>\n\t\t\t\t<\/div>\n\t\t\t\t<div class=\"elementor-element elementor-element-bd891eb elementor-widget elementor-widget-text-editor\" data-id=\"bd891eb\" data-element_type=\"widget\" data-widget_type=\"text-editor.default\">\n\t\t\t\t<div class=\"elementor-widget-container\">\n\t\t\t\t\t\t\tExplore nossa linha de geradores e torres de ilumina\u00e7\u00e3o, com suporte completo e equipamentos de alta qualidade para suas necessidades.\t\t\t\t\t\t<\/div>\n\t\t\t\t<\/div>\n\t\t\t\t<div class=\"elementor-element elementor-element-e6280fa produtos ha-advanced-tooltip-top ha-has-bg-overlay elementor-widget elementor-widget-jet-listing-grid\" data-id=\"e6280fa\" data-element_type=\"widget\" id=\"produtos\" data-settings=\"{&quot;columns&quot;:&quot;3&quot;,&quot;columns_tablet&quot;:&quot;2&quot;,&quot;columns_mobile&quot;:&quot;1&quot;}\" data-widget_type=\"jet-listing-grid.default\">\n\t\t\t\t<div class=\"elementor-widget-container\">\n\t\t\t<div class=\"jet-listing-grid jet-listing\"><div class=\"jet-listing-grid__items grid-col-desk-3 grid-col-tablet-2 grid-col-mobile-1 jet-listing-grid--695 grid-collapse-gap\" data-queried-id=\"688|WP_Post\" data-nav=\"{&quot;enabled&quot;:false,&quot;type&quot;:null,&quot;more_el&quot;:null,&quot;query&quot;:[],&quot;widget_settings&quot;:{&quot;lisitng_id&quot;:695,&quot;posts_num&quot;:9,&quot;columns&quot;:3,&quot;columns_tablet&quot;:2,&quot;columns_mobile&quot;:1,&quot;is_archive_template&quot;:&quot;&quot;,&quot;post_status&quot;:[&quot;publish&quot;],&quot;use_random_posts_num&quot;:&quot;&quot;,&quot;max_posts_num&quot;:9,&quot;not_found_message&quot;:&quot;Nenhum servi\\u00e7o encontrado.&quot;,&quot;is_masonry&quot;:false,&quot;equal_columns_height&quot;:&quot;&quot;,&quot;use_load_more&quot;:&quot;&quot;,&quot;load_more_id&quot;:&quot;&quot;,&quot;load_more_type&quot;:&quot;click&quot;,&quot;load_more_offset&quot;:{&quot;unit&quot;:&quot;px&quot;,&quot;size&quot;:0,&quot;sizes&quot;:[]},&quot;use_custom_post_types&quot;:&quot;&quot;,&quot;custom_post_types&quot;:[],&quot;hide_widget_if&quot;:&quot;&quot;,&quot;carousel_enabled&quot;:&quot;&quot;,&quot;slides_to_scroll&quot;:&quot;1&quot;,&quot;arrows&quot;:&quot;true&quot;,&quot;arrow_icon&quot;:&quot;fa fa-angle-left&quot;,&quot;dots&quot;:&quot;&quot;,&quot;autoplay&quot;:&quot;true&quot;,&quot;pause_on_hover&quot;:&quot;true&quot;,&quot;autoplay_speed&quot;:5000,&quot;infinite&quot;:&quot;true&quot;,&quot;center_mode&quot;:&quot;&quot;,&quot;effect&quot;:&quot;slide&quot;,&quot;speed&quot;:500,&quot;inject_alternative_items&quot;:&quot;&quot;,&quot;injection_items&quot;:[],&quot;scroll_slider_enabled&quot;:&quot;&quot;,&quot;scroll_slider_on&quot;:[&quot;desktop&quot;,&quot;tablet&quot;,&quot;mobile&quot;],&quot;custom_query&quot;:false,&quot;custom_query_id&quot;:&quot;4&quot;,&quot;_element_id&quot;:&quot;produtos&quot;,&quot;collapse_first_last_gap&quot;:&quot;true&quot;,&quot;list_items_wrapper_tag&quot;:&quot;div&quot;,&quot;list_item_tag&quot;:&quot;div&quot;,&quot;empty_items_wrapper_tag&quot;:&quot;div&quot;}}\" data-page=\"1\" data-pages=\"1\" data-listing-source=\"posts\" data-listing-id=\"695\" data-query-id=\"\"><div class=\"jet-listing-grid__item jet-listing-dynamic-post-670\" data-post-id=\"670\" ><style type=\"text\/css\">.jet-listing-dynamic-post-670 .elementor-element.elementor-element-e191763:not(.elementor-motion-effects-element-type-background), .jet-listing-dynamic-post-670 .elementor-element.elementor-element-e191763 > .elementor-motion-effects-container > .elementor-motion-effects-layer{background-image:url(\"https:\/\/kordesign.com.br\/clientes\/autogeradora\/wp-content\/uploads\/2025\/01\/autogeradora_site_produtos_gerador_capa_1200x800px.webp\");}<\/style><div class=\"jet-engine-listing-overlay-wrap\" data-url=\"https:\/\/kordesign.com.br\/clientes\/autogeradora\/produtos\/geradores-de-energia\/\">\t\t<div data-elementor-type=\"jet-listing-items\" data-elementor-id=\"695\" class=\"elementor elementor-695\" data-elementor-settings=\"{&quot;ha_cmc_init_switcher&quot;:&quot;no&quot;}\" data-elementor-post-type=\"jet-engine\">\n\t\t\t\t<div class=\"elementor-element elementor-element-e191763 e-flex e-con-boxed e-con e-parent\" data-id=\"e191763\" data-element_type=\"container\" data-settings=\"{&quot;background_background&quot;:&quot;classic&quot;,&quot;jet_parallax_layout_list&quot;:[],&quot;_ha_eqh_enable&quot;:false}\">\n\t\t\t\t\t<div class=\"e-con-inner\">\n\t\t\t\t\t<\/div>\n\t\t\t\t<\/div>\n\t\t<div class=\"elementor-element elementor-element-763c090 e-flex e-con-boxed e-con e-parent\" data-id=\"763c090\" data-element_type=\"container\" data-settings=\"{&quot;jet_parallax_layout_list&quot;:[],&quot;_ha_eqh_enable&quot;:false}\">\n\t\t\t\t\t<div class=\"e-con-inner\">\n\t\t\t\t<div class=\"elementor-element elementor-element-b9e9373 elementor-widget elementor-widget-heading\" data-id=\"b9e9373\" data-element_type=\"widget\" data-widget_type=\"heading.default\">\n\t\t\t\t<div class=\"elementor-widget-container\">\n\t\t\t<h2 class=\"elementor-heading-title elementor-size-default\">Geradores de energia<\/h2>\t\t<\/div>\n\t\t\t\t<\/div>\n\t\t\t\t<div class=\"elementor-element elementor-element-b9b32ce elementor-widget elementor-widget-heading\" data-id=\"b9b32ce\" data-element_type=\"widget\" data-widget_type=\"heading.default\">\n\t\t\t\t<div class=\"elementor-widget-container\">\n\t\t\t<h2 class=\"elementor-heading-title elementor-size-default\">A Autogeradora oferece loca\u00e7\u00e3o de geradores de 25kVA a 750kVA para atender demandas energ\u00e9ticas cont\u00ednuas ou emergenciais, com suporte completo e instala\u00e7\u00e3o especializada.<\/h2>\t\t<\/div>\n\t\t\t\t<\/div>\n\t\t\t\t\t<\/div>\n\t\t\t\t<\/div>\n\t\t\t\t<\/div>\n\t\t<a href=\"https:\/\/kordesign.com.br\/clientes\/autogeradora\/produtos\/geradores-de-energia\/\" class=\"jet-engine-listing-overlay-link\"><\/a><\/div><\/div><div class=\"jet-listing-grid__item jet-listing-dynamic-post-673\" data-post-id=\"673\" ><style type=\"text\/css\">.jet-listing-dynamic-post-673 .elementor-element.elementor-element-e191763:not(.elementor-motion-effects-element-type-background), .jet-listing-dynamic-post-673 .elementor-element.elementor-element-e191763 > .elementor-motion-effects-container > .elementor-motion-effects-layer{background-image:url(\"https:\/\/kordesign.com.br\/clientes\/autogeradora\/wp-content\/uploads\/2025\/01\/autogeradora_site_produtos_torres_capa_1200x800px.webp\");}<\/style><div class=\"jet-engine-listing-overlay-wrap\" data-url=\"https:\/\/kordesign.com.br\/clientes\/autogeradora\/produtos\/torres-de-iluminacao\/\">\t\t<div data-elementor-type=\"jet-listing-items\" data-elementor-id=\"695\" class=\"elementor elementor-695\" data-elementor-settings=\"{&quot;ha_cmc_init_switcher&quot;:&quot;no&quot;}\" data-elementor-post-type=\"jet-engine\">\n\t\t\t\t<div class=\"elementor-element elementor-element-e191763 e-flex e-con-boxed e-con e-parent\" data-id=\"e191763\" data-element_type=\"container\" data-settings=\"{&quot;background_background&quot;:&quot;classic&quot;,&quot;jet_parallax_layout_list&quot;:[],&quot;_ha_eqh_enable&quot;:false}\">\n\t\t\t\t\t<div class=\"e-con-inner\">\n\t\t\t\t\t<\/div>\n\t\t\t\t<\/div>\n\t\t<div class=\"elementor-element elementor-element-763c090 e-flex e-con-boxed e-con e-parent\" data-id=\"763c090\" data-element_type=\"container\" data-settings=\"{&quot;jet_parallax_layout_list&quot;:[],&quot;_ha_eqh_enable&quot;:false}\">\n\t\t\t\t\t<div class=\"e-con-inner\">\n\t\t\t\t<div class=\"elementor-element elementor-element-b9e9373 elementor-widget elementor-widget-heading\" data-id=\"b9e9373\" data-element_type=\"widget\" data-widget_type=\"heading.default\">\n\t\t\t\t<div class=\"elementor-widget-container\">\n\t\t\t<h2 class=\"elementor-heading-title elementor-size-default\">Torres de ilumina\u00e7\u00e3o<\/h2>\t\t<\/div>\n\t\t\t\t<\/div>\n\t\t\t\t<div class=\"elementor-element elementor-element-b9b32ce elementor-widget elementor-widget-heading\" data-id=\"b9b32ce\" data-element_type=\"widget\" data-widget_type=\"heading.default\">\n\t\t\t\t<div class=\"elementor-widget-container\">\n\t\t\t<h2 class=\"elementor-heading-title elementor-size-default\">Torres de ilumina\u00e7\u00e3o LED para loca\u00e7\u00e3o, com refletores de alta performance e baixo consumo, ideais para eventos e atividades noturnas.<\/h2>\t\t<\/div>\n\t\t\t\t<\/div>\n\t\t\t\t\t<\/div>\n\t\t\t\t<\/div>\n\t\t\t\t<\/div>\n\t\t<a href=\"https:\/\/kordesign.com.br\/clientes\/autogeradora\/produtos\/torres-de-iluminacao\/\" class=\"jet-engine-listing-overlay-link\"><\/a><\/div><\/div><div class=\"jet-listing-grid__item jet-listing-dynamic-post-1439\" data-post-id=\"1439\" ><style type=\"text\/css\">.jet-listing-dynamic-post-1439 .elementor-element.elementor-element-e191763:not(.elementor-motion-effects-element-type-background), .jet-listing-dynamic-post-1439 .elementor-element.elementor-element-e191763 > .elementor-motion-effects-container > .elementor-motion-effects-layer{background-image:url(\"https:\/\/kordesign.com.br\/clientes\/autogeradora\/wp-content\/uploads\/2025\/08\/IMG-20250916-WA0004.jpg\");}<\/style><div class=\"jet-engine-listing-overlay-wrap\" data-url=\"https:\/\/kordesign.com.br\/clientes\/autogeradora\/produtos\/acessorios\/\">\t\t<div data-elementor-type=\"jet-listing-items\" data-elementor-id=\"695\" class=\"elementor elementor-695\" data-elementor-settings=\"{&quot;ha_cmc_init_switcher&quot;:&quot;no&quot;}\" data-elementor-post-type=\"jet-engine\">\n\t\t\t\t<div class=\"elementor-element elementor-element-e191763 e-flex e-con-boxed e-con e-parent\" data-id=\"e191763\" data-element_type=\"container\" data-settings=\"{&quot;background_background&quot;:&quot;classic&quot;,&quot;jet_parallax_layout_list&quot;:[],&quot;_ha_eqh_enable&quot;:false}\">\n\t\t\t\t\t<div class=\"e-con-inner\">\n\t\t\t\t\t<\/div>\n\t\t\t\t<\/div>\n\t\t<div class=\"elementor-element elementor-element-763c090 e-flex e-con-boxed e-con e-parent\" data-id=\"763c090\" data-element_type=\"container\" data-settings=\"{&quot;jet_parallax_layout_list&quot;:[],&quot;_ha_eqh_enable&quot;:false}\">\n\t\t\t\t\t<div class=\"e-con-inner\">\n\t\t\t\t<div class=\"elementor-element elementor-element-b9e9373 elementor-widget elementor-widget-heading\" data-id=\"b9e9373\" data-element_type=\"widget\" data-widget_type=\"heading.default\">\n\t\t\t\t<div class=\"elementor-widget-container\">\n\t\t\t<h2 class=\"elementor-heading-title elementor-size-default\">Acess\u00f3rios<\/h2>\t\t<\/div>\n\t\t\t\t<\/div>\n\t\t\t\t<div class=\"elementor-element elementor-element-b9b32ce elementor-widget elementor-widget-heading\" data-id=\"b9b32ce\" data-element_type=\"widget\" data-widget_type=\"heading.default\">\n\t\t\t\t<div class=\"elementor-widget-container\">\n\t\t\t<h2 class=\"elementor-heading-title elementor-size-default\">Acess\u00f3rios que acompanham os produtos principais, de acordo com a necessidade e contrata\u00e7\u00e3o<\/h2>\t\t<\/div>\n\t\t\t\t<\/div>\n\t\t\t\t\t<\/div>\n\t\t\t\t<\/div>\n\t\t\t\t<\/div>\n\t\t<a href=\"https:\/\/kordesign.com.br\/clientes\/autogeradora\/produtos\/acessorios\/\" class=\"jet-engine-listing-overlay-link\"><\/a><\/div><\/div><\/div><\/div>\t\t<\/div>\n\t\t\t\t<\/div>\n\t\t\t\t<div class=\"elementor-element elementor-element-0f5fb4a elementor-widget elementor-widget-jet-smart-filters-pagination\" data-id=\"0f5fb4a\" data-element_type=\"widget\" data-widget_type=\"jet-smart-filters-pagination.default\">\n\t\t\t\t<div class=\"elementor-widget-container\">\n\t\t\t<div\n\t\t\t\tclass=\"jet-smart-filters-pagination jet-filter\"\n\t\t\t\tdata-apply-provider=\"jet-engine\"\n\t\t\t\tdata-content-provider=\"jet-engine\"\n\t\t\t\tdata-query-id=\"produtos\"\n\t\t\t\tdata-controls=\"{&quot;items_enabled&quot;:true,&quot;pages_mid_size&quot;:3,&quot;pages_end_size&quot;:3,&quot;nav_enabled&quot;:true,&quot;prev&quot;:&quot;Anterior&quot;,&quot;next&quot;:&quot;Pr\\u00f3ximo&quot;,&quot;hide_inactive_nav&quot;:true,&quot;load_more_enabled&quot;:false,&quot;provider_top_offset&quot;:300}\"\n\t\t\t\tdata-apply-type=\"ajax\"\n\t\t\t><\/div>\t\t<\/div>\n\t\t\t\t<\/div>\n\t\t\t\t<\/div>\n\t\t\t\t\t<\/div>\n\t\t\t\t<\/div>\n\t\t\t\t<\/div>\n\t\t","protected":false},"excerpt":{"rendered":"","protected":false},"author":5,"featured_media":0,"parent":0,"menu_order":0,"comment_status":"closed","ping_status":"closed","template":"","meta":{"_joinchat":[],"footnotes":""},"class_list":["post-688","page","type-page","status-publish","hentry"],"_links":{"self":[{"href":"https:\/\/kordesign.com.br\/clientes\/autogeradora\/wp-json\/wp\/v2\/pages\/688","targetHints":{"allow":["GET"]}}],"collection":[{"href":"https:\/\/kordesign.com.br\/clientes\/autogeradora\/wp-json\/wp\/v2\/pages"}],"about":[{"href":"https:\/\/kordesign.com.br\/clientes\/autogeradora\/wp-json\/wp\/v2\/types\/page"}],"author":[{"embeddable":true,"href":"https:\/\/kordesign.com.br\/clientes\/autogeradora\/wp-json\/wp\/v2\/users\/5"}],"replies":[{"embeddable":true,"href":"https:\/\/kordesign.com.br\/clientes\/autogeradora\/wp-json\/wp\/v2\/comments?post=688"}],"version-history":[{"count":3,"href":"https:\/\/kordesign.com.br\/clientes\/autogeradora\/wp-json\/wp\/v2\/pages\/688\/revisions"}],"predecessor-version":[{"id":1763,"href":"https:\/\/kordesign.com.br\/clientes\/autogeradora\/wp-json\/wp\/v2\/pages\/688\/revisions\/1763"}],"wp:attachment":[{"href":"https:\/\/kordesign.com.br\/clientes\/autogeradora\/wp-json\/wp\/v2\/media?parent=688"}],"curies":[{"name":"wp","href":"https:\/\/api.w.org\/{rel}","templated":true}]}}